(-32)/12. Calculate the highest common divisor of p and 360.
8
Let t(g) = g**3 - 2*g**2 - 6*g + 4. Let q be t(4). Let u = -9 + 57. Calculate the greatest common factor of q and u.
12
Let s be (-7)/5*51/51*-15. Let v(k) = k**3 - 4*k**2 - 4. Let p be v(5). What is the highest common factor of s and p?
21
Suppose 6*h - 7*h = -47. Let k = h + -31. Suppose 0 = -2*z + 10 + k. What is the greatest common factor of z and 143?
13
Suppose 12*d = d + 55. Let m be (-8)/10*(-20)/8. What is the greatest common divisor of d and m?
1
Suppose 73 - 13 = 10*b. Let d(w) = 2*w**2 + 4*w + 4. Let p be d(b). Calculate the highest common factor of 25 and p.
25
Suppose f = -3*o - 5 + 24, 5*f - 38 = 4*o. Calculate the highest common factor of f and 6.
2
Suppose -100 = -118*b + 113*b. Let h be ((-144)/(-8) + -2)/(2/b). What is the greatest common factor of h and 16?
16
Let z = -123 - -288. Let m(i) = -3*i**2 + 4*i + 3. Let u be m(3). Let x be (-4)/(-6) + (-4)/u + 14. Calculate the highest common factor of z and x.
15
Let y(h) = -4*h + 6. Suppose -3*u - 4*g - 40 = u, 5*u - 4*g + 5 = 0. Let c be y(u). Suppose -5*w - 6 = -c. What is the highest common divisor of w and 20?
4
Let p(o) = 26*o**2 - 6*o - 28. Let r be p(4). What is the greatest common factor of 112 and r?
28
Suppose -5*y + 3*r = -724, -19*r = 5*y - 20*r - 728. Calculate the greatest common factor of y and 73.
73
Suppose -u + 90 = 9*k - 5*k, 3*u + 4*k = 270. Calculate the highest common divisor of 1305 and u.
45
Let v(a) = 2*a + 1. Let p be v(2). Suppose p*b - 9*b + 4 = 0. Calculate the greatest common divisor of 11 and b.
1
Let w = -4 - -7. Suppose -a + 12 = -w. Suppose 81 + a = 4*x. Calculate the highest common divisor of 48 and x.
24
Let r = 63 - -13. Suppose -y - 33 = -5*y + 5*c, 2*y + 2*c + 6 = 0. Suppose y*z = 3*z - 19. What is the highest common factor of r and z?
19
Let d = -987 + 1030. Let k(a) = 66*a - 6. Let i be k(4). What is the highest common factor of i and d?
43
Let f(d) = -3*d**2 + 20*d + 9. Suppose -58 + 23 = -5*r. Let n be f(r). What is the highest common factor of n and 10?
2
Let j(b) = -b**3 + 3*b**2 - 5*b - 6. Let h = -2 - -9. Let x be j(h). Let n = 421 + x. What is the highest common divisor of n and 23?
23
Let o(g) = 14*g + 13 + g - 3. Let w be o(6). Let m = w - 55. What is the highest common divisor of 15 and m?
15
Let c be 30/(1 - 0) + 2. Suppose 4*u - 2*u - 2*a = 0, 0 = 3*a - 15. Let v be (21/35 + 157/u)*8. Calculate the highest common divisor of c and v.
32
Let n = 94 - 54. Suppose u - 13 = -2*l - 2*l, -3*l - u = -11. Let t be (l/5)/((-4)/(-100)). Calculate the highest common divisor of n and t.
10
Suppose -7*f = -20*f + 312. What is the highest common divisor of f and 136?
8
Let k(s) = -17*s**3 + 3*s**2 + s + 1. Let w be k(-2). Let p = w - 99. Calculate the greatest common divisor of 24 and p.
24
Let z be (-2)/10 - 1072/(-10). Let k = z + -32. Suppose 10*b + k = 15*b. What is the greatest common factor of b and 10?
5
Suppose -47*j - 912 = -85*j. What is the highest common divisor of j and 192?
24
Let g(u) = u + 9. Let c be g(-7). Let d = -80 - -90. What is the greatest common factor of d and c?
2
Let b be (1*-3)/((-4544)/504 + 9). Calculate the highest common divisor of 27 and b.
27
Let h = -106 + 132. Calculate the greatest common factor of 65 and h.
13
Let y(p) = -12*p**3 + 2*p**2 - p - 4. Let o be y(2). Let m = 157 + o. Calculate the highest common factor of m and 7.
7
Suppose f - 40 = -3*q, -3*q + 0*q + 4*f = -50. Let d be (-417)/(-12) - 4/(-16). What is the highest common factor of d and q?
7
Let x be ((-1)/(-3))/(33/5049). Suppose -h - 1224 = -4*h. What is the highest common factor of x and h?
51
Suppose -27 + 3 = -3*o. Calculate the greatest common divisor of o and 208.
8
Let v = 88 - 43. Let q = 8 - -2. Let m = v - q. What is the highest common divisor of 14 and m?
7
Let a(c) = -4*c**2 - 46*c + 17. Let b be a(-10). What is the greatest common factor of 99 and b?
11
Let d = -318 + 241. Suppose -2*m + 7*m = 10. Let v be (d/28)/(m/(-24)). Calculate the highest common factor of v and 22.
11
Suppose 22*m - 257 = 205. Suppose -2*g - 9 = 4*l - 35, 54 = 2*g - 3*l. Calculate the greatest common factor of g and m.
21
Let a be (195/52)/(0 - (-3)/1572). Calculate the highest common divisor of 15 and a.
15
Let k(m) = 8*m - 6. Let l(j) = -17*j + 13. Let a(z) = -5*k(z) - 2*l(z). Let b be a(-4). What is the greatest common divisor of b and 7?
7
Let x = 6 - 1. Suppose -d + 0*j - 4*j - 54 = 0, 10 = -5*j. Let b = d - -61. What is the highest common factor of x and b?
5
Suppose 0 = 2*r - 3*l - 87, 5*r - 5*l + 75 = 300. Calculate the greatest common factor of 9 and r.
3
Let u = -25 + 28. Suppose -z + 660 = t + 3*t, -3*t + u*z = -495. Let k = 26 - 11. What is the greatest common divisor of k and t?
15
Suppose 6*z = 269 + 3781. Calculate the highest common factor of z and 27.
27
Let m(i) = -2*i**3 - 4*i**2 - 7*i - 5. Let c be m(-7). Suppose c + 166 = 2*f - 4*n, -5*f + 1750 = 5*n. Calculate the highest common factor of 35 and f.
35
Let m = 142 - 85. Let k = m - 29. Let u = 109 + 3. Calculate the highest common divisor of k and u.
28
Let q be (12/(-5))/((-6)/160). Let m = 92 - q. Let p be -1*1 + (52 - 9). What is the greatest common divisor of m and p?
14
Let f be 10 - (7 + -199) - (-1 + -4). What is the greatest common divisor of 9 and f?
9
Let w be 1060/120 + 0 + 2/12. Calculate the highest common factor of w and 1899.
9
Let g(x) = -x - 3. Let o be g(-8). Suppose -132 = -3*y + 3*m, 60 = -5*y + 6*y - 5*m. What is the greatest common divisor of o and y?
5
Suppose 3*h = -3*j + 306, -2*j - 202 = -2*h - 5*j. Calculate the greatest common factor of 8 and h.
8
Let n(k) = 40*k + 43. Let t be n(-1). Calculate the highest common divisor of t and 3.
3
Suppose 46*v + 25*v = 7668. What is the greatest common divisor of 594 and v?
54
Let j = -121 - -125. Let w = 84 + j. Calculate the greatest common factor of w and 8.
8
Suppose 0 = 63*m - 69*m + 330. Let p(x) = 3*x + 7. Let v(u) = -4*u**3 + u**2. Let j be v(-1). Let k be p(j). Calculate the greatest common factor of m and k.
11
Let x be 48/84 + 1378/14. Calculate the greatest common factor of x and 231.
33
Let v(g) = -g**3 + 2*g**2 - 2*g + 3. Let o be v(2). Let q be (-34)/((-3)/o + -2). Let m = q + 58. Calculate the highest common factor of m and 3.
3
Let d = -33 - -33. Suppose d = w + w - 44. Calculate the greatest common divisor of w and 198.
22
Suppose -30*o - 27 = -33*o - 3*t, o = 4*t + 14. Calculate the highest common factor of 1250 and o.
10
Let m(y) = 50*y - 389. Let b be m(8). Let n be ((-22)/(-6))/(1/48). What is the greatest common factor of n and b?
11
Let z(d) = -5*d**2 - 130*d - 45. Let a be z(-24). Calculate the greatest common factor of a and 15.
15
Suppose 0 = 2*s - 24 - 4. Suppose -2 = -2*b + s. Let y = -45 - -77. Calculate the greatest common divisor of b and y.
8
Let u be (7 + -2)/(3/6). Calculate the highest common factor of u and 2.
2
Let b(m) = 6*m**2 - 2*m + 1. Let d be b(2). Suppose -7*v - 12 = -9*v. Suppose 15 = -t + v*t. Calculate the greatest common factor of d and t.
3
Let k(b) = 68*b - 85. Let p be k(3). Calculate the greatest common divisor of 34 and p.
17
Let y be 2/(-5) + 2424/10. Let a = 8 - 1. Let m be a + 15 - (1 - 1). Calculate the highest common factor of m and y.
22
Suppose 0 = 19*i - 13326 + 178. What is the greatest common factor of 4 and i?
4
Suppose 3*c - c - 8 = 0, u - 2*c = 55. Let n(m) = m**3 - 24*m**2 + 80*m + 9. Let i be n(20). What is the greatest common factor of u and i?
9
Let s(y) = y**2 - 10*y + 11. Let d be s(9). Suppose 4 = f - d. Suppose -k + 3*k = f. Calculate the greatest common divisor of 15 and k.
3
Let z(p) = 59*p + 23. Let s be z(3). What is the highest common divisor of s and 250?
50
Let n = 105 - 15. Calculate the greatest common divisor of n and 70.
10
Let s = 169 + -97. What is the highest common factor of 18 and s?
18
Suppose -7*p = -4*p - 48. Suppose 8*q - p = 4*q. Let x be 0*3/(-6) - -12. Calculate the highest common factor of x and q.
4
Let r = -14 + 46. What is the highest common factor of r and 224?
32
Let f(n) = -2*n + 64. Let q be f(6). Calculate the greatest common factor of 26 and q.
26
Let j(t) = -t**3 + 2*t**2 + 6*t + 12. Let m be j(4). Suppose 208 = f - m*n, -4*n = 5*f + 237 - 1325